32128 = 37*c - 108015. What are the prime factors of c?
7, 293
Let d = 283 - 2. List the prime factors of d.
281
Suppose -11*s + 9*s - 300 = 0. Let g = 12 - 8. What are the prime factors of 1/g + s/(-40)?
2
Suppose -5*v = -t + 25, -2*t + 2*v - 5*v = 2. Suppose -t - 1035 = -5*x. List the prime factors of x.
2, 13
What are the prime factors of 2/(-21) + 16577740/3129?
2, 3, 883
Let d = 232 - 59. Let w = -124 + d. List the prime factors of w.
7
Let b = 9 + -8. List the prime factors of (b/(-1) + 0)*(3 - 74).
71
Let q = 102 + -19. List the prime factors of q.
83
Let s(r) = 2*r**3 + 7*r**2 - 3*r + 3. Let m(g) = g**3 + 1. Let p(y) = -3*m(y) + s(y). Let d = -344 - -349. What are the prime factors of p(d)?
5, 7
Suppose -13 = -c + 2*c. What are the prime factors of (-15008)/(-208) + 2/c?
2, 3
Suppose -6*z + 3180 = 4*z. List the prime factors of z.
2, 3, 53
Suppose -7*q + 2*o - 2036 = -12*q, -4*o + 824 = 2*q. List the prime factors of q.
2, 7, 29
Let u = 1468 + -742. What are the prime factors of u?
2, 3, 11
Let p be (12/5 + -2)*5. Suppose -p*q - 64 + 346 = 0. List the prime factors of q.
3, 47
Let o(w) = 1048*w + 2. List the prime factors of o(1).
2, 3, 5, 7
Suppose -2*s - 31 = 3*b - 3*s, -2*b = s + 24. Let m = b + 13. Suppose -m*y - 3*y + 60 = 0. List the prime factors of y.
2, 3
What are the prime factors of (-78676)/(-340) + (4/(-10) - -1)?
2, 29
Let i = -2010 - -3652. List the prime factors of i.
2, 821
Suppose -46*s + 3*d = -49*s + 7248, 7252 = 3*s - d. What are the prime factors of s?
2417
Let s be (-373)/(-5) + ((-12)/(-5) - 3). Let k = s - 32. What are the prime factors of k?
2, 3, 7
Let n(f) = f**3 + 42*f**2 - 50*f + 65. What are the prime factors of n(-43)?
2, 3, 61
Suppose -10 = 5*f, -16*o + 11*o + 29584 = -2*f. What are the prime factors of o?
2, 3, 17, 29
Let c = 69 + -15. Suppose -3*g + c + 316 = -2*m, -4*g - 5*m = -501. List the prime factors of g.
2, 31
Let y(a) = 3*a + 15. Let q be y(-6). List the prime factors of ((-368)/(-12))/((-2)/q).
2, 23
Let c = 589 + 3198. What are the prime factors of c?
7, 541
Let q be 4*((-3)/6)/(-1). Suppose 35 = q*s - 27. Suppose -29 - s = -5*c. What are the prime factors of c?
2, 3
Let s be 1 + (3 - -1098 - (2 + -4)). Suppose 0*l = -8*l + s. List the prime factors of l.
2, 3, 23
Suppose 0*x = 4*w - 2*x + 698, 2*w = 3*x - 351. List the prime factors of (-16)/4 + (-4 - w).
2, 83
What are the prime factors of ((-338)/(-8))/(3 - (-1240)/(-416))?
13
Suppose 8*u = 3*u + 15, -5*o + 1589 = 3*u. List the prime factors of o.
2, 79
Let s(z) = 1 - 4 - z + 15. Let g be s(-6). What are the prime factors of g*((-4)/12 + 2)?
2, 3, 5
Suppose 37*k - 1864 = 20965. What are the prime factors of k?
617
Suppose -13*o + 372 = -9*o. Suppose 0 = 2*q - 5*x + x - 84, -3*q = 5*x - o. List the prime factors of q.
2, 3
Suppose 11 = w - 0*w. Suppose w*v = 9*v + 4. Suppose -v*l + 3 = -23. What are the prime factors of l?
13
List the prime factors of (5/3)/(40/39768).
1657
Let f(i) = i**2 + 3*i + 3. Let d be f(0). What are the prime factors of (-86*d/(-6))/(1 + 0)?
43
Let r(c) = 11 - c + 0*c + 0*c - 14. Let g be r(-18). Suppose n - g = -1. List the prime factors of n.
2, 7
Let r = 6 + -1. Suppose -r*x + 9 = -2*x. Suppose x*q = q + 26. List the prime factors of q.
13
What are the prime factors of ((-15)/4)/(36/(-2160))?
3, 5
Suppose -5*d - 1 = 4*h - 54, 0 = 4*h + d - 33. List the prime factors of -4 - -7*(h + -1).
2, 19
Let f be (-3)/(-3) + 60/2. Let p = -28 + f. What are the prime factors of p?
3
Suppose -5*w + 120 = 5*d - 165, 0 = 5*w. Suppose -u = -d + 42. List the prime factors of u.
3, 5
What are the prime factors of 135/2*(6*-30)/(-10)?
3, 5
Let x be ((-3)/(27/(-114)))/(3/(-9)). List the prime factors of 855/x*(-12)/5.
2, 3
Suppose 12 = 2*o + 4. Suppose 5*y - 25 = 0, 2*q + 5*y = o*q - 163. List the prime factors of q.
2, 47
Let a = 6 - 6. Suppose a = -4*j - 16, -4*z + 3*j = 190 - 34. Let n = z - -66. What are the prime factors of n?
2, 3
Let d be (-254)/(-1)*3/2. List the prime factors of d/7 + 20/35.
5, 11
Let p = -10 - -20. Let g(n) = -37*n**2 + 15*n**2 - 4*n + 5 + p*n**2 - n**3. What are the prime factors of g(-12)?
53
Let h(x) = -x**2 + 21*x + 22. Let g be h(15). Suppose 3*c = 2*c + g. Suppose 0 = 3*t + t - c. What are the prime factors of t?
2, 7
List the prime factors of (-904)/(-3)*(116/16 + -5).
2, 3, 113
Let b(q) = q**2 + q + 1. Let k(p) = 18*p**2 + 8*p - 2. Let v(c) = -2*b(c) + k(c). What are the prime factors of v(-3)?
2, 61
Suppose -5*r = 4*u - 24, 0 = 4*u + u - 3*r - 30. List the prime factors of 24*((-101)/(-12) - 4/u).
2, 3, 31
Suppose -9192 = 61*v - 73*v. List the prime factors of v.
2, 383
Let z(d) be the third derivative of -d**6/120 + d**5/15 + 13*d**4/24 + 3*d**3/2 + 13*d**2. What are the prime factors of z(6)?
3, 5
Let d(u) = u**3 - 6*u**2 + 6*u - 1. Let a be d(6). Let b = a + -29. What are the prime factors of 1/b - 9212/(-168)?
5, 11
Let c(a) = 60*a**3 + 2*a - 1. Suppose 78 - 28 = 5*f. Let n be (2/10)/(2/f). List the prime factors of c(n).
61
Suppose 44*n - 42*n - 1989 = -d, -4*n + 2*d = -3982. List the prime factors of n.
5, 199
Let n = -188 + 582. What are the prime factors of n*1/8*(1 + 3)?
197
Let l = -49 + 37. List the prime factors of 106/2 - (l + 13).
2, 13
Let g = 296 - 124. List the prime factors of g.
2, 43
Let i(c) = -1061*c - 4. Let d be i(1). List the prime factors of d/(-12) - 5/(-20).
89
Suppose -84 - 24 = -6*z. Let q = -10 + z. List the prime factors of q.
2
Let i(s) = 7*s**3 + 86*s**2 - 2. What are the prime factors of i(5)?
3023
Let t be (-1)/(3/15) - -4. Let a be (6 + t)/((-2)/4). Let d = a - -27. List the prime factors of d.
17
Let y be 1/((4/(-1132))/((-1)/1)). Suppose 2*v - y = -91. List the prime factors of v.
2, 3
Suppose -5*u = -16*d + 21*d - 3450, 4*u = d - 665. List the prime factors of d.
5, 137
Suppose -138*h + 1150 = -128*h. List the prime factors of h.
5, 23
Let p = -26 - -67. Suppose 4*u + p = 285. Let k = 85 - u. List the prime factors of k.
2, 3
Let n = 1532 + -435. List the prime factors of n.
1097
What are the prime factors of (-11)/(198/45) - (-2346)/4?
2, 73
What are the prime factors of (23/69)/((-1012)/(-1011) - 1)?
337
Let p = 3225 + -1261. List the prime factors of p.
2, 491
Let c = -3196 - -6534. What are the prime factors of c?
2, 1669
Let z be 192*2/(-12)*-8. Let x = z - 150. Suppose 3*r + 4 = x. List the prime factors of r.
2, 17
Suppose n = 5*n + 4, -n = -4*x + 9. Suppose 3*g + x*r = -2*g + 36, -5*g + 5*r = -50. Suppose g*w - 334 + 142 = 0. List the prime factors of w.
2, 3
Let n be -2*1*670/4. What are the prime factors of (-2)/(-4) + n/(-10)?
2, 17
Let y = 445 - -2501. What are the prime factors of y?
2, 3, 491
Let k(d) = 173*d**2 - 17*d + 15. What are the prime factors of k(3)?
3, 13
Let q(u) = -11*u - 29. Let y(b) = -5*b - 14. Let k(x) = 6*q(x) - 13*y(x). What are the prime factors of k(-16)?
2, 3
Suppose 3*j = -4*m + 297, 3*m - 98*j + 94*j = 204. What are the prime factors of m?
2, 3
Let y be (-8)/7*14/(-4). Suppose -y*i + 23 = n - 91, -593 = -5*n + 3*i. What are the prime factors of n?
2, 59
Let b(p) = 11*p + 7. Let c be b(6). Let t = c - 15. What are the prime factors of t?
2, 29
Suppose -5*w - 2*b = -687, 2*w - 19*b + 20*b = 275. List the prime factors of w.
137
List the prime factors of (8*(-133)/21)/((-6)/27).
2, 3, 19
Suppose 3*c + 173 = 2*g, -5*g - 3*c = -9 - 371. List the prime factors of g.
79
Let f(a) = 3*a - 3. Let z be f(1). Suppose 0 = -6*b + 4*b + 2*u + 162, b + 4*u - 81 = z. What are the prime factors of b?
3
Let c = 33 - 0. Let r = c + -12. What are the prime factors of r?
3, 7
Suppose -2*l + 3*l - 5*l = 0. Suppose c + 4*r - 68 = l, -3 = -2*r + 7. List the prime factors of c.
2, 3
Let l(b) = -3*b**2 + 46*b + 18. List the prime factors of l(11).
7, 23
Let b(q) = q**3 - 16*q**2 + 21*q + 4. What are the prime factors of b(15)?
2, 47
Suppose -4*p + 4*u = -2272, -2*p - 12*u + 9*u = -1161. What are the prime factors of p?
3, 191
Suppose 0 = 7*a - 12*a + 30. List the prime factors of 0 + a/(-2) + 64.
61
Let y be ((-1)/(-2))/((-2)/(-60)). Suppose y + 0 = 5*q. Suppose -4*w = -3*l + 27 + 32, q*l - 62 = w. What are the prime factors of l?
3, 7
Suppose 15*x - 7497 = -6*x. List the prime factors of x.
3, 7, 17
List the prime factors of -5 + -271*(-2 -